{"id":141,"date":"2021-04-22T11:56:32","date_gmt":"2021-04-22T09:56:32","guid":{"rendered":"https:\/\/www.kes-airsoft.de\/?page_id=141"},"modified":"2021-05-01T22:28:44","modified_gmt":"2021-05-01T20:28:44","slug":"quellenverweis-informationssammlung","status":"publish","type":"page","link":"https:\/\/www.kes-airsoft.de\/index.php\/quellenverweis-informationssammlung\/","title":{"rendered":"Quellenverweis &#8211; Informationssammlung"},"content":{"rendered":"\n<p>In den Artikeln wird gr\u00f6\u00dftenteils auf eine Quellennennung verzichtet. Bilder werden mit Hyperlink auf die Quelle ausgewiesen.<\/p>\n\n\n\n<p>Im folgenden ergibt sich das Wissen, aus pers\u00f6nlichen Diskussion auf Spieltagen, Youtube Videos und Informationsdokumente. <\/p>\n\n\n\n<p>Als wichtigste Wissensquellen lassen sich diese Informationssammlungen verwenden. <\/p>\n\n\n\n<p>Tech-Wissen f\u00fcr Anf\u00e4nger l\u00e4sst sich gut aus den Begadi &#8222;<a href=\"https:\/\/www.begadi.com\/guides\/\">Guide<\/a>&#8220; Informationszetteln gewinnen. Hier erh\u00e4lt man erste Infos \u00fcber MosFet, Gearbox, Akku, Zielhilfen, Magazine, Gunpaint und Blowback.<\/p>\n\n\n\n<p>Zuerst l\u00e4sst sich <a href=\"https:\/\/www.youtube.com\/channel\/UC7y__9-X10ZfIh8s4JUznkw\" data-type=\"URL\" data-id=\"https:\/\/www.youtube.com\/channel\/UC7y__9-X10ZfIh8s4JUznkw\">Reaper&#8217;s Airsoft YouTube Kanal<\/a> nennen. Die Review und Tech Videos sind mit hoher Sorgfalt erstellt und bieten eine sehr hohe detailtiefe. Insbesondere fortgeschrittene Airsoftkenner erhalten hier tiefgehende Informationen \u00fcber einzelne Bauteile und deren Materialien. So lassen sich umgehend Absch\u00e4tzungen \u00fcber Haltbarkeit und Qualit\u00e4t der betrachteten Produkte erhalten. Reaper geht ausserdem z\u00fcgig auf Anfragen in der Kommentarsektion ein. F\u00fcr den deutschen Airsoftbereich ein wahrer Segen. Ich m\u00f6chte mich fast zu der Aussage verleiten lassen. Man erhalte hier die umfangreichsten Reviews weltweit.<\/p>\n\n\n\n<p>Zu guter Letzt l\u00e4sst sich noch eine etwas veraltete Ressource f\u00fcr Enthusiasten nennen, den <a href=\"http:\/\/airsoftaustria-tech.blogspot.com\/\" data-type=\"URL\" data-id=\"http:\/\/airsoftaustria-tech.blogspot.com\/\">Austria Airsoft Technician<\/a>. Auch im Bereich Airsoft gelten physikalische Gesetze entgegen der langl\u00e4ufigen Behauptung der Tokyo Marui Feenstaub Anh\u00e4nger. Hier erh\u00e4lt man sehr tiefgehende Informationen \u00fcber einzelne technische Bereiche einer Airsoft vorzugsweise AEG. <\/p>\n","protected":false},"excerpt":{"rendered":"<p><a href=\"https:\/\/www.kes-airsoft.de\/index.php\/quellenverweis-informationssammlung\/\" class=\"more-link\">zum Beitrag<span class=\"screen-reader-text\">Quellenverweis &#8211; Informationssammlung<\/span><\/a><\/p>\n","protected":false},"author":1,"featured_media":0,"parent":0,"menu_order":0,"comment_status":"closed","ping_status":"closed","template":"templates\/full-width-page.php","meta":{"footnotes":""},"class_list":["post-141","page","type-page","status-publish","hentry"],"_links":{"self":[{"href":"https:\/\/www.kes-airsoft.de\/index.php\/wp-json\/wp\/v2\/pages\/141","targetHints":{"allow":["GET"]}}],"collection":[{"href":"https:\/\/www.kes-airsoft.de\/index.php\/wp-json\/wp\/v2\/pages"}],"about":[{"href":"https:\/\/www.kes-airsoft.de\/index.php\/wp-json\/wp\/v2\/types\/page"}],"author":[{"embeddable":true,"href":"https:\/\/www.kes-airsoft.de\/index.php\/wp-json\/wp\/v2\/users\/1"}],"replies":[{"embeddable":true,"href":"https:\/\/www.kes-airsoft.de\/index.php\/wp-json\/wp\/v2\/comments?post=141"}],"version-history":[{"count":5,"href":"https:\/\/www.kes-airsoft.de\/index.php\/wp-json\/wp\/v2\/pages\/141\/revisions"}],"predecessor-version":[{"id":303,"href":"https:\/\/www.kes-airsoft.de\/index.php\/wp-json\/wp\/v2\/pages\/141\/revisions\/303"}],"wp:attachment":[{"href":"https:\/\/www.kes-airsoft.de\/index.php\/wp-json\/wp\/v2\/media?parent=141"}],"curies":[{"name":"wp","href":"https:\/\/api.w.org\/{rel}","templated":true}]}}